 + 5*v + 5*q = 138, -10 = -5*q. Let d be (-82)/287 + -1 + 1199/7. Calculate the remainder when v is divided by ((-68)/d)/(4/(-50)).
2
Let a = -7083 + 7109. What is the remainder when 750 is divided by a?
22
Suppose -d = -5*h - 7, 0 = 7*d - 2*d + 2*h - 62. Let t(s) = 57*s - 3 - 63*s + 13. What is the remainder when t(-6) is divided by d?
10
Suppose -3*r + 88 = 4*h, 2*r - 104*h - 58 = -106*h. Calculate the remainder when 6320 is divided by r.
20
Let n be 3/((-10 - -9) + (-30)/(-29)). Suppose n = 5*y - 93. Let h = y - 17. What is the remainder when 35 is divided by h?
16
Let k(s) = 23*s**3 - 2*s**2 - 3*s + 2. Let n(m) = 2*m**3 - 11*m**2 - 41*m + 24. Calculate the remainder when k(2) is divided by n(8).
12
Let r be -4 - (-9)/(9/5). Let q(g) = -5*g + 10. Suppose -3*z - 4*y = -37 - 0, -5*z + 115 = -4*y. Calculate the remainder when z is divided by q(r).
4
Let q = 699 + -1169. Let f = -466 - q. Let d = -23 - -32. Calculate the remainder when d is divided by f.
1
Calculate the remainder when ((-692)/(-3806))/(0 - 1/(-253)) is divided by (3/6)/(1/30).
1
Let q(n) = -253*n**2 + 124*n**2 + 6 + 134*n**2. Suppose -s = -a + 13, -2*a - s - 2*s + 31 = 0. Calculate the remainder when q(-2) is divided by a.
12
Suppose 280 = 5*g + 3*g + 216. What is the remainder when 85 is divided by g?
5
Suppose 0 = a + 4 + 4. Let s(v) = v + 18. What is the remainder when (-374)/(-10) + (-4)/10 is divided by s(a)?
7
Suppose -168*w + 4 = -167*w. Suppose -8*v + 214 = -6*v + 3*x, 0 = -w*v - 5*x + 428. What is the remainder when 314 is divided by v?
100
Suppose -4*f + 4*i + 63 + 17 = 0, -4*i = -f + 29. Suppose 21 = 5*c - 49. Calculate the remainder when -10 + 14 + c*2 is divided by f.
15
Let u be ((-3)/(-2))/(3/158). Suppose -u*f + 280 = -71*f. Calculate the remainder when 37 is divided by f.
2
Suppose 54*y - 850458 = 12*y. Calculate the remainder when y is divided by 122.
119
Let h = 8 + 13. Suppose 4*j = j - h. Let l = 22 + j. What is the remainder when 29 is divided by l?
14
Suppose 180 = 4*i - 2*q, -2*i + 5*q - 126 = -4*i. What is the remainder when 675 is divided by i?
3
Let x be (9 + (-332)/36)*-18. Suppose x*n - 49 + 1 = 0. What is the remainder when 29 is divided by n?
5
Suppose 85 = 12*k + 1. Suppose -10 = k*w + 193. Let g = w + 147. Calculate the remainder when g is divided by 20.
18
Let q = -1204 - -1986. What is the remainder when q is divided by 49?
47
Let k(s) = -39*s**2 - s - 1. Let c be k(-6). Let r = 2479 + c. Calculate the remainder when r/20 + 3 + 0/(-2) is divided by 33.
24
Let d(j) = 15*j - 31. Let t(u) = -u - 1. Let x(y) = 6*y + 2. Let z(g) = 5*t(g) + x(g). Let o be z(7). Calculate the remainder when 142 is divided by d(o).
26
Suppose h - 276 = -3*d, -2*h = 2*d - 7*d - 519. Suppose 261 + h = 48*x. Let k(m) = -28*m. Calculate the remainder when k(-1) is divided by x.
6
Let q = 27 + -32. Let r(t) = -t**3 + 9*t**2 - t - 16. What is the remainder when r(5) is divided by ((q - -3) + 3)*8?
7
Suppose -1 = 5*a - 21. Let w = a + -14. What is the remainder when 60 + (-5)/(w/4) is divided by 11?
7
Let n(a) = 2*a - 1 + 11 + 0*a**2 + a**2 + 40. What is the remainder when n(0) is divided by 19 - (1 + -5)/(-4)?
14
Let h(u) = 3*u + 33. Let j be h(-10). Let y be (4*11)/(1*(4 + -2)). Suppose -c + y = -j*b, -4*b = b + 15. Calculate the remainder when 140 is divided by c.
10
Suppose -2*h + 10536 = i, -566*h + 567*h = i + 5268. Calculate the remainder when h is divided by 56.
4
Suppose -50*k - k - 29*k + 5760 = 0. Calculate the remainder when k is divided by (8/(-10))/((-2)/20).
0
Suppose 3*s = -5*m + 660, -3*m - s + 4*s = -420. Suppose -10*d = m - 565. What is the remainder when d is divided by 3?
1
Let g = 6477 - 6427. Let w = 45 + -26. Calculate the remainder when g is divided by w.
12
Suppose 57*s = 58*s - 5*b - 30, 3*s - 3*b - 30 = 0. Suppose -5*w + s*v + 119 + 146 = 0, -1 = v. What is the remainder when 882 is divided by w?
50
Suppose -3*n - 5*b + b = -91, 5*n - 2*b - 195 = 0. Let w be (0 - 2)/(-2) - n. Let r = w + 48. What is the remainder when 32 is divided by r?
8
Suppose -3*k + 4*k = -5*n - 5, 3*k - 13 = -n. Suppose -19*d = 5445 - 8808. What is the remainder when d is divided by k?
2
Suppose 0 = 2*h - 55 - 25. Suppose u - 3*r = 43, -9*r + 4*r - 53 = -u. Let v = h - u. Calculate the remainder when v is divided by 7.
5
Suppose 5*g + f = -22, 4*g - 5*f + 9 = -26. Calculate the remainder when 558 is divided by (2/g)/((-68)/3400).
18
What is the remainder when -6 + 0 + 2 - (99 + -2609) - -2 is divided by 313?
4
Suppose -v = 4*v - h - 20, 3*h = 0. Let i(p) = -p**3 + 8*p**2 - 12*p + 19. What is the remainder when i(v) is divided by (-1 - 0)*-1*23?
12
Suppose -3774 = 76*h - 10690. Calculate the remainder when 2833 is divided by h.
12
Suppose 2*n - 239 = 307. Suppose 212 = -3*v - 0*v - 5*m, 3*m = 4*v + n. Let l = 82 + v. Calculate the remainder when 22 is divided by l.
9
Suppose -22436 = 138*f - 229022. What is the remainder when f is divided by 469?
90
Suppose 2*c = 2*h - 932, -696*c = -h - 701*c + 442. Calculate the remainder when h is divided by 48.
30
Let m(r) be the second derivative of r**5/20 - 7*r**4/12 + 7*r**3/6 - 2*r. Let u(c) = -c**3 - 17*c**2 + 2. What is the remainder when m(6) is divided by u(-17)?
0
Suppose -v + 3*q = -120, -4*v - 144 = -5*v - 3*q. What is the remainder when v is divided by (236/16 - 3)*4?
38
Suppose -9*g = -10*g. Suppose 4*q = -g*q + 20. Calculate the remainder when ((-16)/(-10))/(2/q) is divided by 2.
0
Let z = 4048 + -4020. Suppose 0 = s - 21 - 69. Suppose 25*c = z*c - s. What is the remainder when 55 is divided by c?
25
Let q(w) = 18*w**2 + 2*w + 1. Calculate the remainder when q(4) is divided by ((-39)/6*(-26)/65)/(1/5).
11
Let i(a) = a + 8. Let l be i(-4). Suppose l*u = 8*u - 40. Suppose 0 = 4*m - 323 - 65. What is the remainder when m is divided by u?
7
Suppose 30687 + 6969 = 35*k + k. Calculate the remainder when k is divided by 21.
17
Let g = 152 - 152. Suppose 562 = 4*c - 2*l, 5*c + g*c = -3*l + 730. What is the remainder when c is divided by 18?
17
Let v = 67250 + -67239. Let h = 339 - 132. What is the remainder when h is divided by v?
9
Let y = 70 - 48. Suppose 0 = 4*b - 20, 5*p + 6*b + 10 = 8*b. Suppose -4*g - 8 = p, f = 2*f + g - 11. What is the remainder when y is divided by f?
9
Calculate the remainder when 1144/(-20)*(4 - 3)*-60 is divided by 34.
32
Let p(b) = -4 - 6211*b - 120 - 9 + 6190*b. Calculate the remainder when p(-12) is divided by 18.
11
Suppose -5*j = 2*m - 64 - 43, -3*m - 6*j + 165 = 0. What is the remainder when 213 is divided by m?
30
Let j(y) = -y**3 - 21*y**2 - 8*y - 12. Let h be j(-21). Let z = h + -73. Suppose z*m - 6 = 81*m. Calculate the remainder when 16 is divided by m.
1
Let u be (-12)/(-20) + (-163)/5. Calculate the remainder when 323 is divided by (6/4)/(u/(-384)).
17
Suppose 5*u + c + 132 = -2*c, -112 = 4*u + 4*c. What is the remainder when 89 is divided by 539/12 - u/288?
44
Let c = 24251 + -24199. Calculate the remainder when 828 is divided by c.
48
Let n(r) = r - 15. Let g be n(36). Suppose -11*j = -g*j + 2190. Calculate the remainder when j is divided by 74.
71
Calculate the remainder when 792 is divided by 163/11 - (676/286)/(-13).
12
Suppose 11994 = -151*q + 157*q. What is the remainder when q is divided by 25?
24
Let g = 46 - 17. Let r = -30 + g. What is the remainder when 10 is divided by r/(-1 - 4/(-20)*4)?
0
Calculate the remainder when (4509/36 - -22) + 10/(-8) is divided by 38.
32
Let d(j) = j**3 - 17*j**2 + 13*j + 9. Let h be ((-38)/57)/((-1)/(51/2)). What is the remainder when d(h) is divided by 78?
74
Suppose 3*s = -f + 76, 3*f + 7*s = 2*s + 168. Let b be (-4 + -1)*68/(-10). Suppose 0 = -2*z - 0*z + b. Calculate the remainder when f is divided by z.
14
Let d be -331 + (15/(-6) - (-1)/2). Let z = d + 337. Calculate the remainder when z is divided by 3.
1
Let h = -156 + 164. Calculate the remainder when (1 - (2 + 1)) + 89 is divided by -2*((-26)/4 + 8/h).
10
Let a(s) = -93*s + 2429. Let p be 1*4 + -2 + 1. Suppose p*r - 76 = -r. Calculate the remainder when r is divided by a(26).
8
Suppose m = 2*a + 354, 607*m - 1698 = 602*m + a. Calculate the remainder when m is divided by 126.
86
Let s(p) = 17*p**2 + 109*p + 236. Let z(r) = 5*r**2 + 36*r + 79. Let w(k) = 2*s(k) - 7*z(k). What is the rem